e (-4)/(-2*(-1)/(-4)). Let p be 3*(m/3)/4. List the prime factors of (p/(-5))/(2/(-20)).
2
List the prime factors of (-1)/(4/(-156)) - 2.
37
Suppose 1132 = 10*j - 648. List the prime factors of j.
2, 89
Suppose 3*b - 3*v + 182 = 4*b, -b + 192 = v. What are the prime factors of b?
197
Let m(r) = r. Let w(x) = -5*x + 5. Let c(p) = 4*m(p) + w(p). List the prime factors of c(-7).
2, 3
Let r(y) = -y**3 - 8*y**2 + 7*y - 6. Let n be ((-100)/6)/(4/(-6)). Suppose -3*x - n = 2. List the prime factors of r(x).
2, 3
Suppose -5*r + 6*r = 2. Suppose 2*k + 2*k = -g + 24, -3*g = -r*k - 58. List the prime factors of g.
2, 5
Let m(z) = -z**2 - 9*z + 4. Let w be m(-6). What are the prime factors of w - -4*9/(-12)?
19
Let y(g) = g**2 - 5*g + 6. Let d be y(4). Suppose 24 = -3*q - x, -5*q + d*x + x = 26. List the prime factors of 1/2*(-3 - q).
2
Let m(z) = -3*z**2 + z + 2. Let w be m(2). Let o = 17 + w. List the prime factors of o.
3
Let v = 6 + -6. Suppose v = -2*g - 2*g + 40. What are the prime factors of g?
2, 5
Let w be 2*((-69)/6 - 0). Let i = w - -39. What are the prime factors of i?
2
Let z = 1 - 0. List the prime factors of 25 + -4 + (1 - z).
3, 7
Let w(s) be the third derivative of s**6/120 + s**5/6 + 5*s**4/12 - 2*s**3/3 + 8*s**2. List the prime factors of w(-8).
2, 11
Let g be -2 + (-3)/3 + 3. Suppose -p = -d - g*d - 14, 46 = 5*p + d. Suppose 5*h + p = 5*m, h = -5*m - 2*h + 42. What are the prime factors of m?
2, 3
Suppose 3*y - 32 = -4*c, 3*c - 19 = -0*c - y. Suppose -3*o - 2 = -5*r - 24, c*o - 50 = -5*r. List the prime factors of o.
3
Let q = 7 - 4. Suppose 4*a - 24 = -p - 4*p, -q*p = -a - 11. Suppose 0 = p*w - 8*w + 68. List the prime factors of w.
17
Let y = 14 - 2. Suppose 21 = -3*d - d - 5*q, -2*q = 3*d + 14. What are the prime factors of 8/y - d/3?
2
Let v(z) = z**3 - 15*z**2 + 22. What are the prime factors of v(15)?
2, 11
Let n be 4/3*(-156)/(-8). Suppose h - 3*x + 10 + n = 0, 3*x + 126 = -5*h. Let j = -17 - h. What are the prime factors of j?
2, 5
Suppose 0 = -0*o - 4*o + 32. Suppose -o = -q - 1. What are the prime factors of q?
7
Let i(h) = -2*h**3 + 2*h**2 + h + 2. Let o be i(-4). What are the prime factors of o/8 - 3/(-12)?
2, 5
Suppose 6*n + 68 = 10*n. Let p = n + 0. What are the prime factors of p?
17
Let t(f) = -f**3 - 4*f**2 - 5*f - 5. What are the prime factors of t(-6)?
97
Suppose -2*q + 0*q = -76. What are the prime factors of q?
2, 19
Suppose -4*o - 5*x = -25, 0*x = -5*o - x + 26. Suppose -6 = -2*u - 0, 0 = -o*g + 2*u + 134. What are the prime factors of g?
2, 7
Let y(g) = 5*g**2 - 4*g**2 + 0*g - 4*g. List the prime factors of y(5).
5
Let f(w) = -9*w + 2. Let j be f(-2). Let r = -18 - -20. Suppose r*y + j = 4*y. List the prime factors of y.
2, 5
Let y = -3 - -5. Suppose 2*x = -3*x - y*o + 51, -x = 5*o - 1. What are the prime factors of x?
11
Let o(l) = l**2 - 7*l + 1. Suppose -m + 2*m = 2*b + 17, -3*m + 3*b = -39. List the prime factors of o(m).
19
Let s = 411 - 171. List the prime factors of s.
2, 3, 5
List the prime factors of (-19)/((-1)/(-9)*-3).
3, 19
What are the prime factors of (188/6 - 0)*(-3 + 6)?
2, 47
Let v = -33 + 59. List the prime factors of v.
2, 13
Suppose -5*v + 910 = -0*r + 5*r, -4*v - r = -719. What are the prime factors of v?
179
Let j be ((-10)/(-2))/(-1)*-1. Suppose 7*m - 3*m - 3 = 5*f, -j*f + 7 = m. What are the prime factors of m?
2
Suppose 0 = -4*s + i + 64, 3*i = 4*s - 62 - 2. What are the prime factors of s?
2
Let n(z) = 3*z**2 - 5*z + 3. Let h(p) = 3*p**2 - 4*p + 3. Let f(b) = 7*h(b) - 6*n(b). Let i be -5*((-24)/15)/(-4). What are the prime factors of f(i)?
11
Let s(k) = 3*k**2 + 2*k + 3. Let f = 11 - 15. Let y = f + 2. What are the prime factors of s(y)?
11
Let z(q) = 37*q**2 - 3*q - 3. What are the prime factors of z(-3)?
3, 113
Suppose i - 8 = -o - 4*o, 5*i - 15 = 0. Suppose 0 = -5*g + 14 + o. What are the prime factors of g?
3
Let v = -125 + 178. Suppose 1 + v = 3*x. Suppose 6 = 2*f + 4*m, 3*f + 5*m = -f + x. List the prime factors of f.
7
Suppose 228 = -0*l + 4*l. Suppose 0 = 5*z - f - 106 - l, -5*f = -z + 47. What are the prime factors of z?
2
Let p be 2/1 - (5 + 0). What are the prime factors of ((-7)/p)/((-5)/(-30))?
2, 7
Suppose -4*p = -12 + 28. List the prime factors of (-301)/(-35) - p/10.
3
Let d = -3 + 5. Suppose -4*b + 3*c + 20 = 0, 4*b + c + 12 = -4*c. Let f = d + b. List the prime factors of f.
2
Let o be 4*((-6)/4 + 2). Suppose 0 = -2*p + p + o. Suppose 0 = 3*m - 3*i - 30, -3*m - p*i + 34 = -i. List the prime factors of m.
11
Suppose 3*p + 4*d = 368, 2*d - 12 + 2 = 0. List the prime factors of p.
2, 29
Suppose -2 = -5*i + 3. Let y = i - -7. List the prime factors of y.
2
Let u(v) = v**2 - 3*v - 1. Let n be u(3). List the prime factors of 7 - (0 - (n + 2)).
2
Suppose 0 = a - 3*a + 10. Let k = 10 + a. List the prime factors of k.
3, 5
Suppose -4*y = y - 10. Let i(m) = -m + y - m - 5. List the prime factors of i(-6).
3
Let y = 64 + 24. What are the prime factors of y?
2, 11
Suppose -4*c = 2*k - 24, -2*c - 3*c + 2*k = -48. What are the prime factors of c?
2
Let m be 2/((-1)/(-6)*-4). Let u be 22/(1 + m - -3). Suppose -2*d + 0*d + u = 0. List the prime factors of d.
11
Suppose t - 2*t + 1 = 0. Suppose -t - 11 = h. Let s = -3 - h. List the prime factors of s.
3
Let d(m) = -m**3 - 4*m + 2. Let x be d(-4). Let a = -37 + x. Suppose -v + 4*v - a = 0. What are the prime factors of v?
3, 5
Suppose q + d + 2*d = 6, -41 = -4*q + 5*d. What are the prime factors of q?
3
Let x(a) = -3*a + 16 - 2*a + 4*a + 2*a. What are the prime factors of x(17)?
3, 11
Suppose -4*u + 4 + 4 = -2*d, d + 4 = -4*u. Let x = -17 - -25. Let m = x - u. What are the prime factors of m?
2
List the prime factors of 1540/15 - 1/(-3).
103
Suppose 6*g - 3*g = 81. What are the prime factors of g?
3
Suppose -n - 4*z = -0*n - 195, -4*z + 20 = 0. List the prime factors of n.
5, 7
Suppose -5*p - 5*s + 190 = -2*s, 4*s = 4*p - 184. List the prime factors of p.
41
Let x(t) = t**3 - 7*t**2 + 6*t + 3. Suppose 11 = 3*p - 25. Suppose p = -2*r + 4*r. List the prime factors of x(r).
3
List the prime factors of 0 - (3/(-7) + 8650/(-70)).
2, 31
Suppose 2*h = 2*s - 4, -2*h + 33 = 5*s + 9. Suppose s*q - 34 = 5*o, -5*q - 10 = -3*o - 33. Let g(k) = -k**2 - 8*k - 9. What are the prime factors of g(o)?
3
Suppose 8*m = 9*m - 4. What are the prime factors of m?
2
List the prime factors of (96/30)/(-8) - (-447)/5.
89
Let b be 1 + -28 + 1*-2. Let l = b - -50. List the prime factors of l.
3, 7
What are the prime factors of -3 + (-2 - 0) + 89?
2, 3, 7
Suppose 0 = -3*u + 3*r, r = 4*u - 2*r - 3. Let d be (-42)/(-9)*3/2. Suppose -u*l = -f - d + 20, 3*l - 47 = -5*f. List the prime factors of f.
2, 5
Let f = 13 + 139. What are the prime factors of f?
2, 19
Let m(f) = f**2 + 2*f - 1. Let l be 5/4 - 6/(-8). Suppose l*r + 12 = -4*z - 3*r, -6 = 2*z + r. What are the prime factors of m(z)?
2
Let t(d) = 3*d**3 + 2*d**2 - 6*d + 7. What are the prime factors of t(3)?
2, 11
Suppose 2*d - d + 11 = 0. Let y = d - -21. List the prime factors of y.
2, 5
Let c(q) = 126*q + 28. Let n(a) = -14*a - 3. Let i(f) = -3*c(f) - 28*n(f). What are the prime factors of i(2)?
2, 7
Let a = 106 - 77. List the prime factors of a.
29
Suppose -6*u + 394 = 112. What are the prime factors of u?
47
Let m(u) = u**2 - 7*u + 6. What are the prime factors of m(15)?
2, 3, 7
Suppose -3 - 25 = -d. List the prime factors of d.
2, 7
Let k(p) = p**3 + 5*p**2 - p - 4. Let f(d) = d**2 - 6*d + 1. Let g be f(5). What are the prime factors of k(g)?
2
List the prime factors of 0/2 - (-3 - 14).
17
Suppose 0 = -2*z - 59 + 63. List the prime factors of z.
2
Let p = -6 + 5. Let k = p + 12. List the prime factors of k.
11
What are the prime factors of (-449)/(-11) - (-8)/44?
41
Let m = 157 - -20. What are the prime factors of m?
3, 59
Let o(y) = 11*y - 3. What are the prime factors of o(4)?
41
Suppose 0*d = d - 7. Suppose b + 5 - 2 = 0. What are the prime factors of (-4)/6*b + d?
3
Let c be 6/(-3 - 0) - -2. Let a = c - -2. Suppose a*j - 1 = n + 6*j, -4*n + 2*j = -50. What are the prime factors of n?
11
Suppose -1 = -h, 6*k - k - 5*h = 605. List the prime factors of k.
2, 61
Let w = 228 - 128. Suppose 0 = -f + 5*f - w. List the prime factors of f.
5
Let g = 1 + 2. Suppose -3*o + g*k - 21 = -4*o, -o - 4*k + 22 = 0. What